{"id":348,"date":"2024-02-15T16:50:59","date_gmt":"2024-02-15T16:50:59","guid":{"rendered":"https:\/\/medicinaestetica.xn--institutomedicopalmeo-vbc.com\/index.php\/tienda\/"},"modified":"2024-02-16T12:49:42","modified_gmt":"2024-02-16T12:49:42","slug":"dermocosmetica","status":"publish","type":"page","link":"https:\/\/medicinaestetica.xn--institutomedicopalmeo-vbc.com\/index.php\/dermocosmetica\/","title":{"rendered":"Dermocosm\u00e9tica"},"content":{"rendered":"<p>[et_pb_section fb_built=\u00bb1&#8243; admin_label=\u00bbHeader\u00bb _builder_version=\u00bb4.24.0&#8243; _module_preset=\u00bbdefault\u00bb background_color=\u00bb#FFFFFF\u00bb collapsed=\u00bbon\u00bb global_colors_info=\u00bb{}\u00bb][et_pb_row _builder_version=\u00bb4.20.0&#8243; _module_preset=\u00bbdefault\u00bb global_colors_info=\u00bb{}\u00bb][et_pb_column type=\u00bb4_4&#8243; _builder_version=\u00bb4.20.0&#8243; _module_preset=\u00bbdefault\u00bb global_colors_info=\u00bb{}\u00bb][et_pb_text _builder_version=\u00bb4.24.0&#8243; _module_preset=\u00bb_initial\u00bb header_4_font=\u00bbLato|700||on|||||\u00bb header_4_text_color=\u00bb#eb595e\u00bb header_4_font_size=\u00bb14px\u00bb header_4_letter_spacing=\u00bb1px\u00bb header_4_line_height=\u00bb1.4em\u00bb custom_margin=\u00bb||0px||false|false\u00bb hover_enabled=\u00bb0&#8243; global_colors_info=\u00bb{}\u00bb sticky_enabled=\u00bb0&#8243;]<\/p>\n<h4>INSTITUTO M\u00c9DICO PALME\u00d1O<\/h4>\n<p>[\/et_pb_text][et_pb_text _builder_version=\u00bb4.24.0&#8243; _module_preset=\u00bb_initial\u00bb header_font=\u00bbPlayfair Display|500|||||||\u00bb header_font_size=\u00bb70px\u00bb header_line_height=\u00bb1.2em\u00bb header_font_size_tablet=\u00bb40px\u00bb header_font_size_phone=\u00bb24px\u00bb header_font_size_last_edited=\u00bbon|desktop\u00bb global_colors_info=\u00bb{}\u00bb]<\/p>\n<h1>Dermocosm\u00e9tica<\/h1>\n<p>[\/et_pb_text][et_pb_shop posts_number=\u00bb120&#8243; columns_number=\u00bb5&#8243; orderby=\u00bbdate\u00bb _builder_version=\u00bb4.24.0&#8243; _module_preset=\u00bbdefault\u00bb global_colors_info=\u00bb{}\u00bb][\/et_pb_shop][\/et_pb_column][\/et_pb_row][\/et_pb_section][et_pb_section fb_built=\u00bb1&#8243; admin_label=\u00bbFooter\u00bb _builder_version=\u00bb4.24.0&#8243; _module_preset=\u00bbdefault\u00bb background_color=\u00bb#FFFFFF\u00bb saved_tabs=\u00bball\u00bb collapsed=\u00bbon\u00bb global_colors_info=\u00bb{}\u00bb][et_pb_row _builder_version=\u00bb4.20.0&#8243; _module_preset=\u00bbdefault\u00bb global_colors_info=\u00bb{}\u00bb][et_pb_column type=\u00bb4_4&#8243; _builder_version=\u00bb4.20.0&#8243; _module_preset=\u00bbdefault\u00bb global_colors_info=\u00bb{}\u00bb][et_pb_text _builder_version=\u00bb4.24.0&#8243; _module_preset=\u00bb77e688b2-979f-4b53-b9d1-3e64eba99adb\u00bb header_text_color=\u00bbgcid-066b09b2-9131-43fc-b054-b687f21b01ba\u00bb header_4_text_color=\u00bbgcid-066b09b2-9131-43fc-b054-b687f21b01ba\u00bb text_orientation=\u00bbcenter\u00bb global_colors_info=\u00bb{%22gcid-066b09b2-9131-43fc-b054-b687f21b01ba%22:%91%22header_text_color%22,%22header_4_text_color%22%93}\u00bb]<\/p>\n<h4>INSTITUTO M\u00c9DICO PALME\u00d1O<\/h4>\n<p>[\/et_pb_text][et_pb_text _builder_version=\u00bb4.24.0&#8243; _module_preset=\u00bbe795b2cf-cdf1-479d-9d26-58996f1933d3&#8243; text_orientation=\u00bbcenter\u00bb global_colors_info=\u00bb{}\u00bb]<\/p>\n<h2>Pide tu cita<\/h2>\n<p>[\/et_pb_text][\/et_pb_column][\/et_pb_row][et_pb_row column_structure=\u00bb1_4,1_4,1_4,1_4&#8243; _builder_version=\u00bb4.20.0&#8243; _module_preset=\u00bbdefault\u00bb global_colors_info=\u00bb{}\u00bb][et_pb_column type=\u00bb1_4&#8243; _builder_version=\u00bb4.20.0&#8243; _module_preset=\u00bbdefault\u00bb global_colors_info=\u00bb{}\u00bb][et_pb_icon font_icon=\u00bb&#xe01d;||divi||400&#8243; icon_color=\u00bbgcid-066b09b2-9131-43fc-b054-b687f21b01ba\u00bb icon_width=\u00bb16px\u00bb _builder_version=\u00bb4.24.0&#8243; _module_preset=\u00bbdefault\u00bb custom_margin=\u00bb||10px||false|false\u00bb global_colors_info=\u00bb{%22gcid-066b09b2-9131-43fc-b054-b687f21b01ba%22:%91%22icon_color%22%93}\u00bb][\/et_pb_icon][et_pb_text _builder_version=\u00bb4.24.0&#8243; _module_preset=\u00bb643617d0-c902-4884-ab42-ed61dd77146f\u00bb header_4_text_color=\u00bbgcid-97182601-61ab-4626-954a-29b0757ae92a\u00bb header_4_font_size=\u00bb25px\u00bb text_orientation=\u00bbcenter\u00bb custom_margin=\u00bb||20px||false|false\u00bb global_colors_info=\u00bb{%22gcid-97182601-61ab-4626-954a-29b0757ae92a%22:%91%22header_4_text_color%22%93}\u00bb]<\/p>\n<h4>Localizaci\u00f3n<\/h4>\n<p>[\/et_pb_text][et_pb_text _builder_version=\u00bb4.24.0&#8243; _module_preset=\u00bb77665acd-c82d-4ff1-9c20-ff3af4adf30a\u00bb text_font_size=\u00bb16px\u00bb link_text_color=\u00bbgcid-593669bf-7b77-45f1-89ce-cfe13309ccf8&#8243; text_orientation=\u00bbcenter\u00bb global_colors_info=\u00bb{%22gcid-593669bf-7b77-45f1-89ce-cfe13309ccf8%22:%91%22text_text_color%22,%22link_text_color%22%93}\u00bb]<\/p>\n<p>Av. Mar\u00eda Auxiliadora, 33. Palma del R\u00edo (C\u00f3rdoba).<\/p>\n<p>[\/et_pb_text][\/et_pb_column][et_pb_column type=\u00bb1_4&#8243; _builder_version=\u00bb4.20.0&#8243; _module_preset=\u00bbdefault\u00bb global_colors_info=\u00bb{}\u00bb][et_pb_icon font_icon=\u00bb&#xe010;||divi||400&#8243; icon_color=\u00bbgcid-066b09b2-9131-43fc-b054-b687f21b01ba\u00bb icon_width=\u00bb16px\u00bb _builder_version=\u00bb4.24.0&#8243; _module_preset=\u00bbdefault\u00bb custom_margin=\u00bb||10px||false|false\u00bb global_colors_info=\u00bb{%22gcid-066b09b2-9131-43fc-b054-b687f21b01ba%22:%91%22icon_color%22%93}\u00bb][\/et_pb_icon][et_pb_text _builder_version=\u00bb4.24.0&#8243; _module_preset=\u00bb643617d0-c902-4884-ab42-ed61dd77146f\u00bb header_4_text_color=\u00bbgcid-97182601-61ab-4626-954a-29b0757ae92a\u00bb header_4_font_size=\u00bb25px\u00bb text_orientation=\u00bbcenter\u00bb custom_margin=\u00bb||20px||false|false\u00bb global_colors_info=\u00bb{%22gcid-97182601-61ab-4626-954a-29b0757ae92a%22:%91%22header_4_text_color%22%93}\u00bb]<\/p>\n<h4>Email<\/h4>\n<p>[\/et_pb_text][et_pb_text _builder_version=\u00bb4.24.0&#8243; _module_preset=\u00bb77665acd-c82d-4ff1-9c20-ff3af4adf30a\u00bb text_font_size=\u00bb16px\u00bb link_text_color=\u00bbgcid-593669bf-7b77-45f1-89ce-cfe13309ccf8&#8243; text_orientation=\u00bbcenter\u00bb custom_margin=\u00bb|-92px||-8px||\u00bb custom_padding=\u00bb|0px||0px||\u00bb global_colors_info=\u00bb{%22gcid-593669bf-7b77-45f1-89ce-cfe13309ccf8%22:%91%22text_text_color%22,%22link_text_color%22%93}\u00bb]<\/p>\n<p>belenmartinezmedicinaestetica@gmail.com<\/p>\n<p>[\/et_pb_text][\/et_pb_column][et_pb_column type=\u00bb1_4&#8243; _builder_version=\u00bb4.20.0&#8243; _module_preset=\u00bbdefault\u00bb global_colors_info=\u00bb{}\u00bb][et_pb_icon font_icon=\u00bb&#xe00b;||divi||400&#8243; icon_color=\u00bbgcid-066b09b2-9131-43fc-b054-b687f21b01ba\u00bb icon_width=\u00bb16px\u00bb _builder_version=\u00bb4.24.0&#8243; _module_preset=\u00bbdefault\u00bb custom_margin=\u00bb||10px||false|false\u00bb global_colors_info=\u00bb{%22gcid-066b09b2-9131-43fc-b054-b687f21b01ba%22:%91%22icon_color%22%93}\u00bb][\/et_pb_icon][et_pb_text _builder_version=\u00bb4.24.0&#8243; _module_preset=\u00bb643617d0-c902-4884-ab42-ed61dd77146f\u00bb header_4_text_color=\u00bbgcid-97182601-61ab-4626-954a-29b0757ae92a\u00bb header_4_font_size=\u00bb25px\u00bb text_orientation=\u00bbcenter\u00bb custom_margin=\u00bb||20px||false|false\u00bb global_colors_info=\u00bb{%22gcid-97182601-61ab-4626-954a-29b0757ae92a%22:%91%22header_4_text_color%22%93}\u00bb]<\/p>\n<h4>Tel\u00e9fono<\/h4>\n<p>[\/et_pb_text][et_pb_text _builder_version=\u00bb4.24.0&#8243; _module_preset=\u00bb77665acd-c82d-4ff1-9c20-ff3af4adf30a\u00bb text_font_size=\u00bb16px\u00bb link_text_color=\u00bbgcid-593669bf-7b77-45f1-89ce-cfe13309ccf8&#8243; text_orientation=\u00bbcenter\u00bb global_colors_info=\u00bb{%22gcid-593669bf-7b77-45f1-89ce-cfe13309ccf8%22:%91%22text_text_color%22,%22link_text_color%22%93}\u00bb]<\/p>\n<p>957 053 353<\/p>\n<p>[\/et_pb_text][\/et_pb_column][et_pb_column type=\u00bb1_4&#8243; _builder_version=\u00bb4.20.0&#8243; _module_preset=\u00bbdefault\u00bb global_colors_info=\u00bb{}\u00bb][et_pb_icon font_icon=\u00bb&#x7d;||divi||400&#8243; icon_color=\u00bbgcid-066b09b2-9131-43fc-b054-b687f21b01ba\u00bb icon_width=\u00bb16px\u00bb _builder_version=\u00bb4.24.0&#8243; _module_preset=\u00bbdefault\u00bb custom_margin=\u00bb||10px||false|false\u00bb global_colors_info=\u00bb{%22gcid-066b09b2-9131-43fc-b054-b687f21b01ba%22:%91%22icon_color%22%93}\u00bb][\/et_pb_icon][et_pb_text _builder_version=\u00bb4.24.0&#8243; _module_preset=\u00bb643617d0-c902-4884-ab42-ed61dd77146f\u00bb header_4_text_color=\u00bbgcid-97182601-61ab-4626-954a-29b0757ae92a\u00bb header_4_font_size=\u00bb25px\u00bb text_orientation=\u00bbcenter\u00bb custom_margin=\u00bb||20px||false|false\u00bb global_colors_info=\u00bb{%22gcid-97182601-61ab-4626-954a-29b0757ae92a%22:%91%22header_4_text_color%22%93}\u00bb]<\/p>\n<h4>Horario<\/h4>\n<p>[\/et_pb_text][et_pb_text _builder_version=\u00bb4.24.0&#8243; _module_preset=\u00bb77665acd-c82d-4ff1-9c20-ff3af4adf30a\u00bb text_font_size=\u00bb16px\u00bb link_text_color=\u00bbgcid-593669bf-7b77-45f1-89ce-cfe13309ccf8&#8243; text_orientation=\u00bbcenter\u00bb global_colors_info=\u00bb{%22gcid-593669bf-7b77-45f1-89ce-cfe13309ccf8%22:%91%22text_text_color%22,%22link_text_color%22%93}\u00bb]<\/p>\n<p>Lunes a viernes: 08:00 am &#8211; 20:00 pm<\/p>\n<p>[\/et_pb_text][\/et_pb_column][\/et_pb_row][\/et_pb_section]<\/p>\n","protected":false},"excerpt":{"rendered":"<p>INSTITUTO M\u00c9DICO PALME\u00d1ODermocosm\u00e9ticaINSTITUTO M\u00c9DICO PALME\u00d1OPide tu citaLocalizaci\u00f3nAv. Mar\u00eda Auxiliadora, 33. Palma del R\u00edo (C\u00f3rdoba).Emailbelenmartinezmedicinaestetica@gmail.comTel\u00e9fono957 053 353HorarioLunes a viernes: 08:00 am &#8211; 20:00 pm<\/p>\n","protected":false},"author":1,"featured_media":0,"parent":0,"menu_order":0,"comment_status":"closed","ping_status":"closed","template":"","meta":{"_et_pb_use_builder":"on","_et_pb_old_content":"","_et_gb_content_width":"","footnotes":""},"class_list":["post-348","page","type-page","status-publish","hentry"],"_links":{"self":[{"href":"https:\/\/medicinaestetica.xn--institutomedicopalmeo-vbc.com\/index.php\/wp-json\/wp\/v2\/pages\/348","targetHints":{"allow":["GET"]}}],"collection":[{"href":"https:\/\/medicinaestetica.xn--institutomedicopalmeo-vbc.com\/index.php\/wp-json\/wp\/v2\/pages"}],"about":[{"href":"https:\/\/medicinaestetica.xn--institutomedicopalmeo-vbc.com\/index.php\/wp-json\/wp\/v2\/types\/page"}],"author":[{"embeddable":true,"href":"https:\/\/medicinaestetica.xn--institutomedicopalmeo-vbc.com\/index.php\/wp-json\/wp\/v2\/users\/1"}],"replies":[{"embeddable":true,"href":"https:\/\/medicinaestetica.xn--institutomedicopalmeo-vbc.com\/index.php\/wp-json\/wp\/v2\/comments?post=348"}],"version-history":[{"count":5,"href":"https:\/\/medicinaestetica.xn--institutomedicopalmeo-vbc.com\/index.php\/wp-json\/wp\/v2\/pages\/348\/revisions"}],"predecessor-version":[{"id":478,"href":"https:\/\/medicinaestetica.xn--institutomedicopalmeo-vbc.com\/index.php\/wp-json\/wp\/v2\/pages\/348\/revisions\/478"}],"wp:attachment":[{"href":"https:\/\/medicinaestetica.xn--institutomedicopalmeo-vbc.com\/index.php\/wp-json\/wp\/v2\/media?parent=348"}],"curies":[{"name":"wp","href":"https:\/\/api.w.org\/{rel}","templated":true}]}}

Dermocosmética

<p>[et_pb_section fb_built=»1&#8243; admin_label=»Header» _builder_version=»4.24.0&#8243; _module_preset=»default» background_color=»#FFFFFF» collapsed=»on» global_colors_info=»{}»][et_pb_row _builder_version=»4.20.0&#8243; _module_preset=»default» global_colors_info=»{}»][et_pb_column type=»4_4&#8243; _builder_version=»4.20.0&#8243; _module_preset=»default» global_colors_info=»{}»][et_pb_text _builder_version=»4.24.0&#8243; _module_preset=»_initial» header_4_font=»Lato|700||on|||||» header_4_text_color=»#eb595e» header_4_font_size=»14px» header_4_letter_spacing=»1px» header_4_line_height=»1.4em» custom_margin=»||0px||false|false» hover_enabled=»0&#8243; global_colors_info=»{}» sticky_enabled=»0&#8243;]</p>
<h4>INSTITUTO MÉDICO PALMEÑO</h4>
<p>[/et_pb_text][et_pb_text _builder_version=»4.24.0&#8243; _module_preset=»_initial» header_font=»Playfair Display|500|||||||» header_font_size=»70px» header_line_height=»1.2em» header_font_size_tablet=»40px» header_font_size_phone=»24px» header_font_size_last_edited=»on|desktop» global_colors_info=»{}»]</p>
<h1>Dermocosmética</h1>
<p>[/et_pb_text][et_pb_shop posts_number=»120&#8243; columns_number=»5&#8243; orderby=»date» _builder_version=»4.24.0&#8243; _module_preset=»default» global_colors_info=»{}»][/et_pb_shop][/et_pb_column][/et_pb_row][/et_pb_section][et_pb_section fb_built=»1&#8243; admin_label=»Footer» _builder_version=»4.24.0&#8243; _module_preset=»default» background_color=»#FFFFFF» saved_tabs=»all» collapsed=»on» global_colors_info=»{}»][et_pb_row _builder_version=»4.20.0&#8243; _module_preset=»default» global_colors_info=»{}»][et_pb_column type=»4_4&#8243; _builder_version=»4.20.0&#8243; _module_preset=»default» global_colors_info=»{}»][et_pb_text _builder_version=»4.24.0&#8243; _module_preset=»77e688b2-979f-4b53-b9d1-3e64eba99adb» header_text_color=»gcid-066b09b2-9131-43fc-b054-b687f21b01ba» header_4_text_color=»gcid-066b09b2-9131-43fc-b054-b687f21b01ba» text_orientation=»center» global_colors_info=»{%22gcid-066b09b2-9131-43fc-b054-b687f21b01ba%22:%91%22header_text_color%22,%22header_4_text_color%22%93}»]</p>
<h4>INSTITUTO MÉDICO PALMEÑO</h4>
<p>[/et_pb_text][et_pb_text _builder_version=»4.24.0&#8243; _module_preset=»e795b2cf-cdf1-479d-9d26-58996f1933d3&#8243; text_orientation=»center» global_colors_info=»{}»]</p>
<h2>Pide tu cita</h2>
<p>[/et_pb_text][/et_pb_column][/et_pb_row][et_pb_row column_structure=»1_4,1_4,1_4,1_4&#8243; _builder_version=»4.20.0&#8243; _module_preset=»default» global_colors_info=»{}»][et_pb_column type=»1_4&#8243; _builder_version=»4.20.0&#8243; _module_preset=»default» global_colors_info=»{}»][et_pb_icon font_icon=»&#xe01d;||divi||400&#8243; icon_color=»gcid-066b09b2-9131-43fc-b054-b687f21b01ba» icon_width=»16px» _builder_version=»4.24.0&#8243; _module_preset=»default» custom_margin=»||10px||false|false» global_colors_info=»{%22gcid-066b09b2-9131-43fc-b054-b687f21b01ba%22:%91%22icon_color%22%93}»][/et_pb_icon][et_pb_text _builder_version=»4.24.0&#8243; _module_preset=»643617d0-c902-4884-ab42-ed61dd77146f» header_4_text_color=»gcid-97182601-61ab-4626-954a-29b0757ae92a» header_4_font_size=»25px» text_orientation=»center» custom_margin=»||20px||false|false» global_colors_info=»{%22gcid-97182601-61ab-4626-954a-29b0757ae92a%22:%91%22header_4_text_color%22%93}»]</p>
<h4>Localización</h4>
<p>[/et_pb_text][et_pb_text _builder_version=»4.24.0&#8243; _module_preset=»77665acd-c82d-4ff1-9c20-ff3af4adf30a» text_font_size=»16px» link_text_color=»gcid-593669bf-7b77-45f1-89ce-cfe13309ccf8&#8243; text_orientation=»center» global_colors_info=»{%22gcid-593669bf-7b77-45f1-89ce-cfe13309ccf8%22:%91%22text_text_color%22,%22link_text_color%22%93}»]</p>
<p>Av. María Auxiliadora, 33. Palma del Río (Córdoba).</p>
<p>[/et_pb_text][/et_pb_column][et_pb_column type=»1_4&#8243; _builder_version=»4.20.0&#8243; _module_preset=»default» global_colors_info=»{}»][et_pb_icon font_icon=»&#xe010;||divi||400&#8243; icon_color=»gcid-066b09b2-9131-43fc-b054-b687f21b01ba» icon_width=»16px» _builder_version=»4.24.0&#8243; _module_preset=»default» custom_margin=»||10px||false|false» global_colors_info=»{%22gcid-066b09b2-9131-43fc-b054-b687f21b01ba%22:%91%22icon_color%22%93}»][/et_pb_icon][et_pb_text _builder_version=»4.24.0&#8243; _module_preset=»643617d0-c902-4884-ab42-ed61dd77146f» header_4_text_color=»gcid-97182601-61ab-4626-954a-29b0757ae92a» header_4_font_size=»25px» text_orientation=»center» custom_margin=»||20px||false|false» global_colors_info=»{%22gcid-97182601-61ab-4626-954a-29b0757ae92a%22:%91%22header_4_text_color%22%93}»]</p>
<h4>Email</h4>
<p>[/et_pb_text][et_pb_text _builder_version=»4.24.0&#8243; _module_preset=»77665acd-c82d-4ff1-9c20-ff3af4adf30a» text_font_size=»16px» link_text_color=»gcid-593669bf-7b77-45f1-89ce-cfe13309ccf8&#8243; text_orientation=»center» custom_margin=»|-92px||-8px||» custom_padding=»|0px||0px||» global_colors_info=»{%22gcid-593669bf-7b77-45f1-89ce-cfe13309ccf8%22:%91%22text_text_color%22,%22link_text_color%22%93}»]</p>
<p>belenmartinezmedicinaestetica@gmail.com</p>
<p>[/et_pb_text][/et_pb_column][et_pb_column type=»1_4&#8243; _builder_version=»4.20.0&#8243; _module_preset=»default» global_colors_info=»{}»][et_pb_icon font_icon=»&#xe00b;||divi||400&#8243; icon_color=»gcid-066b09b2-9131-43fc-b054-b687f21b01ba» icon_width=»16px» _builder_version=»4.24.0&#8243; _module_preset=»default» custom_margin=»||10px||false|false» global_colors_info=»{%22gcid-066b09b2-9131-43fc-b054-b687f21b01ba%22:%91%22icon_color%22%93}»][/et_pb_icon][et_pb_text _builder_version=»4.24.0&#8243; _module_preset=»643617d0-c902-4884-ab42-ed61dd77146f» header_4_text_color=»gcid-97182601-61ab-4626-954a-29b0757ae92a» header_4_font_size=»25px» text_orientation=»center» custom_margin=»||20px||false|false» global_colors_info=»{%22gcid-97182601-61ab-4626-954a-29b0757ae92a%22:%91%22header_4_text_color%22%93}»]</p>
<h4>Teléfono</h4>
<p>[/et_pb_text][et_pb_text _builder_version=»4.24.0&#8243; _module_preset=»77665acd-c82d-4ff1-9c20-ff3af4adf30a» text_font_size=»16px» link_text_color=»gcid-593669bf-7b77-45f1-89ce-cfe13309ccf8&#8243; text_orientation=»center» global_colors_info=»{%22gcid-593669bf-7b77-45f1-89ce-cfe13309ccf8%22:%91%22text_text_color%22,%22link_text_color%22%93}»]</p>
<p>957 053 353</p>
<p>[/et_pb_text][/et_pb_column][et_pb_column type=»1_4&#8243; _builder_version=»4.20.0&#8243; _module_preset=»default» global_colors_info=»{}»][et_pb_icon font_icon=»&#x7d;||divi||400&#8243; icon_color=»gcid-066b09b2-9131-43fc-b054-b687f21b01ba» icon_width=»16px» _builder_version=»4.24.0&#8243; _module_preset=»default» custom_margin=»||10px||false|false» global_colors_info=»{%22gcid-066b09b2-9131-43fc-b054-b687f21b01ba%22:%91%22icon_color%22%93}»][/et_pb_icon][et_pb_text _builder_version=»4.24.0&#8243; _module_preset=»643617d0-c902-4884-ab42-ed61dd77146f» header_4_text_color=»gcid-97182601-61ab-4626-954a-29b0757ae92a» header_4_font_size=»25px» text_orientation=»center» custom_margin=»||20px||false|false» global_colors_info=»{%22gcid-97182601-61ab-4626-954a-29b0757ae92a%22:%91%22header_4_text_color%22%93}»]</p>
<h4>Horario</h4>
<p>[/et_pb_text][et_pb_text _builder_version=»4.24.0&#8243; _module_preset=»77665acd-c82d-4ff1-9c20-ff3af4adf30a» text_font_size=»16px» link_text_color=»gcid-593669bf-7b77-45f1-89ce-cfe13309ccf8&#8243; text_orientation=»center» global_colors_info=»{%22gcid-593669bf-7b77-45f1-89ce-cfe13309ccf8%22:%91%22text_text_color%22,%22link_text_color%22%93}»]</p>
<p>Lunes a viernes: 08:00 am &#8211; 20:00 pm</p>
<p>[/et_pb_text][/et_pb_column][/et_pb_row][/et_pb_section]</p>

<p>INSTITUTO MÉDICO PALMEÑODermocosméticaINSTITUTO MÉDICO PALMEÑOPide tu citaLocalizaciónAv. María Auxiliadora, 33. Palma del Río (Córdoba).Emailbelenmartinezmedicinaestetica@gmail.comTeléfono957 053 353HorarioLunes a viernes: 08:00 am &#8211; 20:00 pm</p>
