{"id":371,"date":"2024-02-15T17:37:06","date_gmt":"2024-02-15T17:37:06","guid":{"rendered":"https:\/\/medicinaestetica.xn--institutomedicopalmeo-vbc.com\/?post_type=product&#038;p=371"},"modified":"2024-02-15T17:37:07","modified_gmt":"2024-02-15T17:37:07","slug":"sens-age-md-ag-regenerating","status":"publish","type":"product","link":"https:\/\/medicinaestetica.xn--institutomedicopalmeo-vbc.com\/index.php\/producto\/sens-age-md-ag-regenerating\/","title":{"rendered":"SENS- AGE MD AG REGENERATING"},"content":{"rendered":"","protected":false},"excerpt":{"rendered":"<p>Crema gel antienvejecimiento con\u00a0\u00e1cido glic\u00f3lico libre y liposomado que\u00a0renueva, regenera e hidrata la piel.<\/p>\n<p>A la completa f\u00f3rmula de alto rendimiento antienvejecimiento se suma la acci\u00f3n en profundidad de los liposomas de \u00e1cido glic\u00f3lico, que garantiza niveles de penetraci\u00f3n nunca antes alcanzados.<\/p>\n<p>El \u00e1cido glic\u00f3lico (AG), es un principio activo de origen natural de gran poder hidratante, exfoliante y regenerador.<\/p>\n","protected":false},"featured_media":372,"template":"","meta":{"_et_pb_use_builder":"","_et_pb_old_content":"","_et_gb_content_width":""},"product_cat":[25],"product_tag":[],"class_list":{"0":"post-371","1":"product","2":"type-product","3":"status-publish","4":"has-post-thumbnail","6":"product_cat-linea-sens-age-md","8":"first","9":"instock","10":"shipping-taxable","11":"product-type-simple"},"_links":{"self":[{"href":"https:\/\/medicinaestetica.xn--institutomedicopalmeo-vbc.com\/index.php\/wp-json\/wp\/v2\/product\/371","targetHints":{"allow":["GET"]}}],"collection":[{"href":"https:\/\/medicinaestetica.xn--institutomedicopalmeo-vbc.com\/index.php\/wp-json\/wp\/v2\/product"}],"about":[{"href":"https:\/\/medicinaestetica.xn--institutomedicopalmeo-vbc.com\/index.php\/wp-json\/wp\/v2\/types\/product"}],"wp:featuredmedia":[{"embeddable":true,"href":"https:\/\/medicinaestetica.xn--institutomedicopalmeo-vbc.com\/index.php\/wp-json\/wp\/v2\/media\/372"}],"wp:attachment":[{"href":"https:\/\/medicinaestetica.xn--institutomedicopalmeo-vbc.com\/index.php\/wp-json\/wp\/v2\/media?parent=371"}],"wp:term":[{"taxonomy":"product_cat","embeddable":true,"href":"https:\/\/medicinaestetica.xn--institutomedicopalmeo-vbc.com\/index.php\/wp-json\/wp\/v2\/product_cat?post=371"},{"taxonomy":"product_tag","embeddable":true,"href":"https:\/\/medicinaestetica.xn--institutomedicopalmeo-vbc.com\/index.php\/wp-json\/wp\/v2\/product_tag?post=371"}],"curies":[{"name":"wp","href":"https:\/\/api.w.org\/{rel}","templated":true}]}}