{"id":373,"date":"2024-02-15T17:37:50","date_gmt":"2024-02-15T17:37:50","guid":{"rendered":"https:\/\/medicinaestetica.xn--institutomedicopalmeo-vbc.com\/?post_type=product&#038;p=373"},"modified":"2024-02-15T17:37:50","modified_gmt":"2024-02-15T17:37:50","slug":"sens-age-md-ultra-corrector-3-a-concentrate","status":"publish","type":"product","link":"https:\/\/medicinaestetica.xn--institutomedicopalmeo-vbc.com\/index.php\/producto\/sens-age-md-ultra-corrector-3-a-concentrate\/","title":{"rendered":"SENS- AGE MD ULTRA CORRECTOR 3 A CONCENTRATE"},"content":{"rendered":"","protected":false},"excerpt":{"rendered":"<p>Tratamiento intensivo de choque que utiliza una\u00a0tecnolog\u00eda innovadora, la nanotecnolog\u00eda, con la\u00a0que se consigue transportar los activos,\u00a0encapsulados en nanosomas, a las capas m\u00e1s\u00a0profundas de la piel y potenciar sus efectos.<\/p>\n<p>Potente acci\u00f3n antienvejecimiento y excelente\u00a0tolerancia gracias a su Sistema 3-Retinol de\u00a0liberaci\u00f3n sostenida.<\/p>\n<p>Los retinoides estimulan la proliferaci\u00f3n de los queratinocitos, normalizan el proceso de exfoliaci\u00f3n, mejoran la textura y tono de la piel. La combinaci\u00f3n con otros activos como el \u00e1cido hialur\u00f3nico hidrolizado o el factor de crecimiento TGF-\u00df2 potencian sus efectos al tiempo que mejoran su tolerancia.<\/p>\n","protected":false},"featured_media":374,"template":"","meta":{"_et_pb_use_builder":"","_et_pb_old_content":"","_et_gb_content_width":""},"product_cat":[25],"product_tag":[],"class_list":{"0":"post-373","1":"product","2":"type-product","3":"status-publish","4":"has-post-thumbnail","6":"product_cat-linea-sens-age-md","8":"first","9":"instock","10":"shipping-taxable","11":"product-type-simple"},"_links":{"self":[{"href":"https:\/\/medicinaestetica.xn--institutomedicopalmeo-vbc.com\/index.php\/wp-json\/wp\/v2\/product\/373","targetHints":{"allow":["GET"]}}],"collection":[{"href":"https:\/\/medicinaestetica.xn--institutomedicopalmeo-vbc.com\/index.php\/wp-json\/wp\/v2\/product"}],"about":[{"href":"https:\/\/medicinaestetica.xn--institutomedicopalmeo-vbc.com\/index.php\/wp-json\/wp\/v2\/types\/product"}],"wp:featuredmedia":[{"embeddable":true,"href":"https:\/\/medicinaestetica.xn--institutomedicopalmeo-vbc.com\/index.php\/wp-json\/wp\/v2\/media\/374"}],"wp:attachment":[{"href":"https:\/\/medicinaestetica.xn--institutomedicopalmeo-vbc.com\/index.php\/wp-json\/wp\/v2\/media?parent=373"}],"wp:term":[{"taxonomy":"product_cat","embeddable":true,"href":"https:\/\/medicinaestetica.xn--institutomedicopalmeo-vbc.com\/index.php\/wp-json\/wp\/v2\/product_cat?post=373"},{"taxonomy":"product_tag","embeddable":true,"href":"https:\/\/medicinaestetica.xn--institutomedicopalmeo-vbc.com\/index.php\/wp-json\/wp\/v2\/product_tag?post=373"}],"curies":[{"name":"wp","href":"https:\/\/api.w.org\/{rel}","templated":true}]}}