{"id":379,"date":"2024-02-15T17:49:43","date_gmt":"2024-02-15T17:49:43","guid":{"rendered":"https:\/\/medicinaestetica.xn--institutomedicopalmeo-vbc.com\/?post_type=product&#038;p=379"},"modified":"2024-02-15T17:50:13","modified_gmt":"2024-02-15T17:50:13","slug":"redness-control-aa-sensitive-gel","status":"publish","type":"product","link":"https:\/\/medicinaestetica.xn--institutomedicopalmeo-vbc.com\/index.php\/producto\/redness-control-aa-sensitive-gel\/","title":{"rendered":"REDNESS CONTROL A&#038;A SENSITIVE Gel"},"content":{"rendered":"","protected":false},"excerpt":{"rendered":"<p>Cuidado diario de pieles mixtas, sensibles y con rojeces, pieles con tendencia acneica y cuper\u00f3sicas.<\/p>\n<p>Por su composici\u00f3n, el Gel facial anti-rojeces normaliza la queratinizaci\u00f3n de la piel y desobstruye los poros, ayuda a reequilibrar su funci\u00f3n barrera al aportar \u00e1cidos grasos esenciales que fortalecen la piel frente a las agresiones externas, hidrata en profundidad aliviando la sensaci\u00f3n de sequedad, reduce el exceso de grasa, mejora la microcirculaci\u00f3n, calma el eritema y disminuye el enrojecimiento.<\/p>\n","protected":false},"featured_media":380,"template":"","meta":{"_et_pb_use_builder":"","_et_pb_old_content":"","_et_gb_content_width":""},"product_cat":[26],"product_tag":[],"class_list":{"0":"post-379","1":"product","2":"type-product","3":"status-publish","4":"has-post-thumbnail","6":"product_cat-linea-redness-control","8":"first","9":"instock","10":"shipping-taxable","11":"product-type-simple"},"_links":{"self":[{"href":"https:\/\/medicinaestetica.xn--institutomedicopalmeo-vbc.com\/index.php\/wp-json\/wp\/v2\/product\/379","targetHints":{"allow":["GET"]}}],"collection":[{"href":"https:\/\/medicinaestetica.xn--institutomedicopalmeo-vbc.com\/index.php\/wp-json\/wp\/v2\/product"}],"about":[{"href":"https:\/\/medicinaestetica.xn--institutomedicopalmeo-vbc.com\/index.php\/wp-json\/wp\/v2\/types\/product"}],"wp:featuredmedia":[{"embeddable":true,"href":"https:\/\/medicinaestetica.xn--institutomedicopalmeo-vbc.com\/index.php\/wp-json\/wp\/v2\/media\/380"}],"wp:attachment":[{"href":"https:\/\/medicinaestetica.xn--institutomedicopalmeo-vbc.com\/index.php\/wp-json\/wp\/v2\/media?parent=379"}],"wp:term":[{"taxonomy":"product_cat","embeddable":true,"href":"https:\/\/medicinaestetica.xn--institutomedicopalmeo-vbc.com\/index.php\/wp-json\/wp\/v2\/product_cat?post=379"},{"taxonomy":"product_tag","embeddable":true,"href":"https:\/\/medicinaestetica.xn--institutomedicopalmeo-vbc.com\/index.php\/wp-json\/wp\/v2\/product_tag?post=379"}],"curies":[{"name":"wp","href":"https:\/\/api.w.org\/{rel}","templated":true}]}}