{"id":382,"date":"2024-02-15T17:52:02","date_gmt":"2024-02-15T17:52:02","guid":{"rendered":"https:\/\/medicinaestetica.xn--institutomedicopalmeo-vbc.com\/?post_type=product&#038;p=382"},"modified":"2024-02-15T17:53:16","modified_gmt":"2024-02-15T17:53:16","slug":"puryfing-control-as-cleanser-mousse-daily-care","status":"publish","type":"product","link":"https:\/\/medicinaestetica.xn--institutomedicopalmeo-vbc.com\/index.php\/producto\/puryfing-control-as-cleanser-mousse-daily-care\/","title":{"rendered":"PURYFING CONTROL AS CLEANSER MOUSSE Daily Care"},"content":{"rendered":"","protected":false},"excerpt":{"rendered":"<p>Crema espumosa sin jab\u00f3n indicada para la higiene facial diaria de pieles grasas y\/o con tendencia acneica.<\/p>\n<p>A las propiedades antibacterianas del triclos\u00e1n y calmantes de los extractos de plantas, se le a\u00f1adan las propiedades seborreguladoras y queratol\u00edticas del \u00e1cido salic\u00edlico.<\/p>\n<p>De esta forma ayuda a eliminar la queratina que obstruye los conductos piloseb\u00e1ceos, regula y disminuye la fabricaci\u00f3n de la grasa, reduce los niveles de P. acnes en la piel y alivia la irritaci\u00f3n propia de este tipo de pieles.<\/p>\n<p>Esta l\u00ednea de productos destinada a la limpieza facial diaria, est\u00e1 recomendada en todo tipo de pieles, incluso las m\u00e1s sensibles e irritables.<\/p>\n","protected":false},"featured_media":383,"template":"","meta":{"_et_pb_use_builder":"","_et_pb_old_content":"","_et_gb_content_width":""},"product_cat":[27],"product_tag":[],"class_list":{"0":"post-382","1":"product","2":"type-product","3":"status-publish","4":"has-post-thumbnail","6":"product_cat-linea-puryfing-control","8":"first","9":"instock","10":"shipping-taxable","11":"product-type-simple"},"_links":{"self":[{"href":"https:\/\/medicinaestetica.xn--institutomedicopalmeo-vbc.com\/index.php\/wp-json\/wp\/v2\/product\/382","targetHints":{"allow":["GET"]}}],"collection":[{"href":"https:\/\/medicinaestetica.xn--institutomedicopalmeo-vbc.com\/index.php\/wp-json\/wp\/v2\/product"}],"about":[{"href":"https:\/\/medicinaestetica.xn--institutomedicopalmeo-vbc.com\/index.php\/wp-json\/wp\/v2\/types\/product"}],"wp:featuredmedia":[{"embeddable":true,"href":"https:\/\/medicinaestetica.xn--institutomedicopalmeo-vbc.com\/index.php\/wp-json\/wp\/v2\/media\/383"}],"wp:attachment":[{"href":"https:\/\/medicinaestetica.xn--institutomedicopalmeo-vbc.com\/index.php\/wp-json\/wp\/v2\/media?parent=382"}],"wp:term":[{"taxonomy":"product_cat","embeddable":true,"href":"https:\/\/medicinaestetica.xn--institutomedicopalmeo-vbc.com\/index.php\/wp-json\/wp\/v2\/product_cat?post=382"},{"taxonomy":"product_tag","embeddable":true,"href":"https:\/\/medicinaestetica.xn--institutomedicopalmeo-vbc.com\/index.php\/wp-json\/wp\/v2\/product_tag?post=382"}],"curies":[{"name":"wp","href":"https:\/\/api.w.org\/{rel}","templated":true}]}}