{"id":396,"date":"2024-02-15T18:06:54","date_gmt":"2024-02-15T18:06:54","guid":{"rendered":"https:\/\/medicinaestetica.xn--institutomedicopalmeo-vbc.com\/?post_type=product&#038;p=396"},"modified":"2024-02-15T18:06:54","modified_gmt":"2024-02-15T18:06:54","slug":"sens-age-lift-global-restructuring-concentrate-serum-30ml","status":"publish","type":"product","link":"https:\/\/medicinaestetica.xn--institutomedicopalmeo-vbc.com\/index.php\/producto\/sens-age-lift-global-restructuring-concentrate-serum-30ml\/","title":{"rendered":"SENS-AGE LIFT GLOBAL RESTRUCTURING Concentrate Serum 30ml"},"content":{"rendered":"","protected":false},"excerpt":{"rendered":"<p>Tratamiento intensivo de choque que utiliza una\u00a0tecnolog\u00eda innovadora, la nanotecnolog\u00eda, con la\u00a0que se consigue transportar los activos,\u00a0encapsulados en nanosomas, a las capas m\u00e1s\u00a0profundas de la piel y potenciar sus efectos.<\/p>\n<p>Con el fin de prevenir y tratar las manifestaciones\u00a0del envejecimiento de la piel, el Liposomal serum\u00a0reafirmante aporta silicio org\u00e1nico liposomado, con\u00a0acci\u00f3n reestructurante-reafirmante (establece\u00a0puentes de uni\u00f3n entre los componentes del tejido<br \/>\nconjuntivo manteniendo intacta su arquitectura tridimensional), acci\u00f3n protectora (protege la elastina, el col\u00e1geno y los proteoglicanos evitando su degradaci\u00f3n), acci\u00f3n antioxidante (neutraliza el efecto de los radicales libres) y<\/p>\n<p>acci\u00f3n hidratante.<\/p>\n","protected":false},"featured_media":397,"template":"","meta":{"_et_pb_use_builder":"","_et_pb_old_content":"","_et_gb_content_width":""},"product_cat":[29],"product_tag":[],"class_list":{"0":"post-396","1":"product","2":"type-product","3":"status-publish","4":"has-post-thumbnail","6":"product_cat-linea-sens-age-lift-md","8":"first","9":"instock","10":"shipping-taxable","11":"product-type-simple"},"_links":{"self":[{"href":"https:\/\/medicinaestetica.xn--institutomedicopalmeo-vbc.com\/index.php\/wp-json\/wp\/v2\/product\/396","targetHints":{"allow":["GET"]}}],"collection":[{"href":"https:\/\/medicinaestetica.xn--institutomedicopalmeo-vbc.com\/index.php\/wp-json\/wp\/v2\/product"}],"about":[{"href":"https:\/\/medicinaestetica.xn--institutomedicopalmeo-vbc.com\/index.php\/wp-json\/wp\/v2\/types\/product"}],"wp:featuredmedia":[{"embeddable":true,"href":"https:\/\/medicinaestetica.xn--institutomedicopalmeo-vbc.com\/index.php\/wp-json\/wp\/v2\/media\/397"}],"wp:attachment":[{"href":"https:\/\/medicinaestetica.xn--institutomedicopalmeo-vbc.com\/index.php\/wp-json\/wp\/v2\/media?parent=396"}],"wp:term":[{"taxonomy":"product_cat","embeddable":true,"href":"https:\/\/medicinaestetica.xn--institutomedicopalmeo-vbc.com\/index.php\/wp-json\/wp\/v2\/product_cat?post=396"},{"taxonomy":"product_tag","embeddable":true,"href":"https:\/\/medicinaestetica.xn--institutomedicopalmeo-vbc.com\/index.php\/wp-json\/wp\/v2\/product_tag?post=396"}],"curies":[{"name":"wp","href":"https:\/\/api.w.org\/{rel}","templated":true}]}}