{"id":400,"date":"2024-02-15T18:09:48","date_gmt":"2024-02-15T18:09:48","guid":{"rendered":"https:\/\/medicinaestetica.xn--institutomedicopalmeo-vbc.com\/?post_type=product&#038;p=400"},"modified":"2024-02-15T18:09:48","modified_gmt":"2024-02-15T18:09:48","slug":"sunyses-md-protect-repair-spf-50","status":"publish","type":"product","link":"https:\/\/medicinaestetica.xn--institutomedicopalmeo-vbc.com\/index.php\/producto\/sunyses-md-protect-repair-spf-50\/","title":{"rendered":"SUNYSES MD PROTECT &#038; REPAIR SPF 50"},"content":{"rendered":"","protected":false},"excerpt":{"rendered":"<p>Protector solar liposomado en textura crema gel\u00a0con enzimas reparadoras, que proporciona a la\u00a0piel una protecci\u00f3n m\u00e1s duradera (SPF50) y ayuda\u00a0a reparar el da\u00f1o celular causado por los rayos\u00a0ultravioletas.<\/p>\n<p>La radiaci\u00f3n UV de los rayos solares, es capaz de distorsionar y modificar la estructura del ADN de nuestras c\u00e9lulas formando d\u00edmeros de timina entre sus cadenas. Como consecuencia aparecen arrugas, manchas, quemaduras\u2026 Un da\u00f1o silencioso y visible de la piel que ahora podemos reparar.<\/p>\n<p>El Fotoprotector crema gel con enzimas reparadoras refuerza la protecci\u00f3n y ayuda a la reparaci\u00f3n del propio ADN de la piel.<\/p>\n","protected":false},"featured_media":401,"template":"","meta":{"_et_pb_use_builder":"","_et_pb_old_content":"","_et_gb_content_width":""},"product_cat":[30],"product_tag":[],"class_list":{"0":"post-400","1":"product","2":"type-product","3":"status-publish","4":"has-post-thumbnail","6":"product_cat-linea-sunyses-md","8":"first","9":"instock","10":"shipping-taxable","11":"product-type-simple"},"_links":{"self":[{"href":"https:\/\/medicinaestetica.xn--institutomedicopalmeo-vbc.com\/index.php\/wp-json\/wp\/v2\/product\/400","targetHints":{"allow":["GET"]}}],"collection":[{"href":"https:\/\/medicinaestetica.xn--institutomedicopalmeo-vbc.com\/index.php\/wp-json\/wp\/v2\/product"}],"about":[{"href":"https:\/\/medicinaestetica.xn--institutomedicopalmeo-vbc.com\/index.php\/wp-json\/wp\/v2\/types\/product"}],"wp:featuredmedia":[{"embeddable":true,"href":"https:\/\/medicinaestetica.xn--institutomedicopalmeo-vbc.com\/index.php\/wp-json\/wp\/v2\/media\/401"}],"wp:attachment":[{"href":"https:\/\/medicinaestetica.xn--institutomedicopalmeo-vbc.com\/index.php\/wp-json\/wp\/v2\/media?parent=400"}],"wp:term":[{"taxonomy":"product_cat","embeddable":true,"href":"https:\/\/medicinaestetica.xn--institutomedicopalmeo-vbc.com\/index.php\/wp-json\/wp\/v2\/product_cat?post=400"},{"taxonomy":"product_tag","embeddable":true,"href":"https:\/\/medicinaestetica.xn--institutomedicopalmeo-vbc.com\/index.php\/wp-json\/wp\/v2\/product_tag?post=400"}],"curies":[{"name":"wp","href":"https:\/\/api.w.org\/{rel}","templated":true}]}}