{"id":426,"date":"2024-02-16T12:09:44","date_gmt":"2024-02-16T12:09:44","guid":{"rendered":"https:\/\/medicinaestetica.xn--institutomedicopalmeo-vbc.com\/?post_type=product&#038;p=426"},"modified":"2024-02-16T12:09:44","modified_gmt":"2024-02-16T12:09:44","slug":"crema-activ-plus-dia","status":"publish","type":"product","link":"https:\/\/medicinaestetica.xn--institutomedicopalmeo-vbc.com\/index.php\/producto\/crema-activ-plus-dia\/","title":{"rendered":"Crema Activ-Plus D\u00eda"},"content":{"rendered":"","protected":false},"excerpt":{"rendered":"<p>Crema nutritiva antiarrugas de choque facial de d\u00eda. Evita el estr\u00e9s oxidativo debido a los radicales libres, disminuye la profundidad de las arrugas y mejora la aspereza cut\u00e1nea. Con los \u00faltimos y m\u00e1s eficaces activos antiedad capaces de reducir arrugas, l\u00edneas de expresi\u00f3n, peque\u00f1as manchas e imperfecciones. Se observa su efecto regenerador del sustrato d\u00e9rmico en la 1\u00aa semana de uso.<\/p>\n","protected":false},"featured_media":427,"template":"","meta":{"_et_pb_use_builder":"","_et_pb_old_content":"","_et_gb_content_width":""},"product_cat":[33],"product_tag":[],"class_list":{"0":"post-426","1":"product","2":"type-product","3":"status-publish","4":"has-post-thumbnail","6":"product_cat-hidratacion-y-nutricion","8":"first","9":"instock","10":"shipping-taxable","11":"product-type-simple"},"_links":{"self":[{"href":"https:\/\/medicinaestetica.xn--institutomedicopalmeo-vbc.com\/index.php\/wp-json\/wp\/v2\/product\/426","targetHints":{"allow":["GET"]}}],"collection":[{"href":"https:\/\/medicinaestetica.xn--institutomedicopalmeo-vbc.com\/index.php\/wp-json\/wp\/v2\/product"}],"about":[{"href":"https:\/\/medicinaestetica.xn--institutomedicopalmeo-vbc.com\/index.php\/wp-json\/wp\/v2\/types\/product"}],"wp:featuredmedia":[{"embeddable":true,"href":"https:\/\/medicinaestetica.xn--institutomedicopalmeo-vbc.com\/index.php\/wp-json\/wp\/v2\/media\/427"}],"wp:attachment":[{"href":"https:\/\/medicinaestetica.xn--institutomedicopalmeo-vbc.com\/index.php\/wp-json\/wp\/v2\/media?parent=426"}],"wp:term":[{"taxonomy":"product_cat","embeddable":true,"href":"https:\/\/medicinaestetica.xn--institutomedicopalmeo-vbc.com\/index.php\/wp-json\/wp\/v2\/product_cat?post=426"},{"taxonomy":"product_tag","embeddable":true,"href":"https:\/\/medicinaestetica.xn--institutomedicopalmeo-vbc.com\/index.php\/wp-json\/wp\/v2\/product_tag?post=426"}],"curies":[{"name":"wp","href":"https:\/\/api.w.org\/{rel}","templated":true}]}}